mber?
True
Is 6029 a composite number?
False
Is 107137 a composite number?
False
Is 96189 composite?
True
Is 18353 a prime number?
True
Is 669431 composite?
True
Is 101221 a composite number?
False
Is 121829 a prime number?
False
Is 24733 prime?
True
Is 660133 composite?
True
Is 18553 prime?
True
Is 624046 a composite number?
True
Is 57067 composite?
True
Is 305063 prime?
False
Is 37819 prime?
False
Is 111379 a composite number?
True
Is 46471 a prime number?
True
Is 5461 a composite number?
True
Is 245209 composite?
False
Is 66739 a prime number?
True
Is 226871 prime?
True
Is 80635 a composite number?
True
Is 660037 prime?
False
Is 51 a prime number?
False
Is 1513219 prime?
True
Is 20639 composite?
False
Is 8146 a prime number?
False
Is 11885 composite?
True
Is 17551 composite?
False
Is 16079 a composite number?
True
Is 24593 prime?
True
Is 104207 a composite number?
False
Is 36151 a composite number?
False
Is 487561 composite?
False
Is 30631 composite?
False
Is 3989 a composite number?
False
Is 1697587 a composite number?
False
Is 38901 a composite number?
True
Is 67631 prime?
True
Is 450291 a prime number?
False
Is 14969 composite?
False
Is 6499 prime?
False
Is 30757 prime?
True
Is 55177 a prime number?
False
Is 1565 a composite number?
True
Is 491497 a prime number?
True
Is 11337 a composite number?
True
Is 11393 composite?
False
Is 7639 prime?
True
Is 2251 a composite number?
False
Is 278923 composite?
True
Is 1117 composite?
False
Is 344401 a composite number?
True
Is 401003 composite?
True
Is 44041 composite?
False
Is 20047 composite?
False
Is 641317 prime?
True
Is 23417 a composite number?
False
Is 703 a composite number?
True
Is 541 a composite number?
False
Is 230441 composite?
True
Is 87509 a composite number?
False
Is 525827 a prime number?
False
Is 33447 a composite number?
True
Is 84809 a prime number?
True
Is 34559 prime?
False
Is 608297 a composite number?
False
Is 2479 composite?
True
Is 1140485 composite?
True
Is 194573 a composite number?
True
Is 689659 prime?
False
Is 27041 a prime number?
False
Is 322726 a composite number?
True
Is 106073 a prime number?
False
Is 40693 a composite number?
False
Is 47339 a composite number?
False
Is 4987 a composite number?
False
Is 84787 a composite number?
False
Is 34123 prime?
True
Is 23515 composite?
True
Is 10487 prime?
True
Is 27327 a composite number?
True
Is 5839 a composite number?
False
Is 737 a prime number?
False
Is 1471 prime?
True
Is 749 composite?
True
Is 383309 a composite number?
True
Is 115679 prime?
True
Is 5645 prime?
False
Is 264211 prime?
True
Is 4373 a composite number?
False
Is 1422763 a composite number?
False
Is 124079 composite?
True
Is 831531 a prime number?
False
Is 11459 composite?
True
Is 131959 prime?
True
Is 32114 a composite number?
True
Is 2899 a prime number?
False
Is 82247 composite?
True
Is 498583 prime?
True
Is 297047 prime?
False
Is 115053 composite?
True
Is 14677 composite?
True
Is 955243 prime?
True
Is 1439605 prime?
False
Is 1763743 composite?
True
Is 507181 a prime number?
False
Is 10391 composite?
False
Is 32069 prime?
True
Is 16591 a prime number?
False
Is 21959 prime?
False
Is 66989 a prime number?
False
Is 4861 a composite number?
False
Is 61931 a prime number?
False
Is 273709 a prime number?
True
Is 68307 composite?
True
Is 3863 a composite number?
False
Is 124213 a prime number?
True
Is 2579 a composite number?
False
Is 38945 a prime number?
False
Is 9151 a composite number?
False
Is 2721 composite?
True
Is 12451 prime?
True
Is 3007 prime?
False
Is 51193 composite?
False
Is 196069 a prime number?
False
Is 2315 a composite number?
True
Is 38219 prime?
True
Is 150763 composite?
True
Is 29651 composite?
True
Is 673 composite?
False
Is 371249 a composite number?
False
Is 419 a composite number?
False
Is 730919 a prime number?
False
Is 21167 a prime number?
False
Is 39499 composite?
False
Is 21703 prime?
False
Is 5873 prime?
False
Is 179623 prime?
True
Is 2949 a composite number?
True
Is 8663 a composite number?
False
Is 18661 prime?
True
Is 215521 a prime number?
True
Is 796639 a composite number?
True
Is 19181 a composite number?
False
Is 89341 composite?
True
Is 44041 a composite number?
False
Is 33881 composite?
True
Is 786151 a composite number?
False
Is 23801 a composite number?
False
Is 629963 prime?
True
Is 301445 prime?
False
Is 9683 prime?
False
Is 2609 prime?
True
Is 49663 a composite number?
False
Is 68207 a composite number?
False
Is 6671 composite?
True
Is 221707 a prime number?
True
Is 276565 a composite number?
True
Is 20369 composite?
False
Is 2427 a composite number?
True
Is 215714 prime?
False
Is 2179 composite?
False
Is 2173 a composite number?
True
Is 567821 composite?
True
Is 172021 a prime number?
True
Is 105082 a prime number?
False
Is 7249 a prime number?
False
Is 854407 composite?
False
Is 2772397 composite?
True
Is 4027934 a prime number?
False
Is 4267121 composite?
True
Is 13589 a composite number?
True
Is 159721 composite?
False
Is 134313 a prime number?
False
Is 2316127 composite?
True
Is 156749 composite?
False
Is 18059 composite?
False
Is 452923 prime?
True
Is 20283 composite?
True
Is 11541 a prime number?
False
Is 69893 a prime number?
False
Is 624719 a composite number?
True
Is 4703 prime?
True
Is 7977 prime?
False
Is 259 a prime number?
False
Is 52721 a composite number?
False
Is 499943 a prime number?
True
Is 1553 composite?
False
Is 36538 a prime number?
False
Is 3646 composite?
True
Is 56033 composite?
True
Is 6835 composite?
True
Is 23321 composite?
False
Is 407273 a composite number?
False
Is 5627 prime?
False
Is 248683 composite?
False
Is 1603 prime?
False
Is 85 composite?
True
Is 812921 a composite number?
False
Is 1350109 composite?
True
Is 77969 composite?
False
Is 17471 prime?
True
Is 21959 composite?
True
Is 92357 a composite number?
False
Is 361409 a composite number?
False
Is 126953 a prime number?
False
Is 5623 a composite number?
False
Is 39803 composite?
True
Is 337013 a prime number?
True
Is 79579 a prime number?
True
Is 18131 composite?
False
Is 2153 a composite number?
False
Is 577358 composite?
True
Is 6439 a composite number?
True
Is 17023 prime?
False
Is 1165579 prime?
True
Is 3041 a composite number?
False
Is 132261 a prime number?
False
Is 28307 a prime number?
True
Is 5399 a composite number?
False
Is 63907 composite?
False
Is 220973 prime?
True
Is 66221 a composite number?
False
Is 23801 a composite number?
False
Is 32313 a prime number?
False
Is 33377 prime?
True
Is 674 a prime number?
False
Is 9637 prime?
False
Is 77417 prime?
True
Is 26889 prime?
False
Is 100313 a prime number?
True
Is 514229 prime?
True
Is 328271 a prime number?
True
Is 694717 a composite number?
False
Is 157 a prime number?
True
Is 7243109 a prime number?
True
Is 4759 a composite number?
False
Is 296483 a prime number?
False
Is 195861 prime?
False
Is 209347 a prime number?
True
Is 296806 composite?
True
Is 6127 a composite number?
True
Is 635 a prime number?
False
Is 4105 a composite number?
True
Is 51505 prime?
False
Is 3359 prime?
True
Is 192433 composite?
True
Is 622927 prime?
True
Is 534407 a prime number?
True
Is 852121 prime?
True
Is 60209 a composite number?
False
Is 40099 a prime number?
True
Is 308761 composite?
False
Is 548117 a prime number?
True
Is 990989 a composite number?
False
Is 184369 composite?
False
Is 130927 a prime number?
True
Is 19841 a prime number?
True
Is 121879 composite?
True
Is 15713 a prime number?
False
Is 573101 prime?
True
Is 22207 a composite number?
True
Is 5209 a prime number?
True
Is 34537 composite?
False
Is 408489 composite?
True
Is 2361 a prime number?
False
Is 1949 composite?
False
Is 431099 a prime number?
True
Is 1089845 a composite number?
True
Is 128434 composite?
True
Is 43177 a composite number?
False
Is 559397 a composite number?
False
Is 2359 composite?
True
Is 753931 a composite number?
False
Is 137801 a composite number?
True
Is 5671 a composite number?
True
Is 395 prime?
False
Is 881837 a prime number?
False
Is 4882 a prime number?
False
Is 10823 composite?
True
Is 930871 a composite number?
True
Is 851 composite?
True
Is 61441 a prime number?
True
Is 1277 prime?
True
Is 48017 prime?
True
Is 9865 a prime number?
False
Is 14613 a prime number?
False
Is 45523 a